{"id":3646,"date":"2019-01-22T10:27:55","date_gmt":"2019-01-22T10:27:55","guid":{"rendered":"http:\/\/www.viralstudios.es\/?page_id=3646"},"modified":"2019-05-20T12:10:52","modified_gmt":"2019-05-20T12:10:52","slug":"formacion","status":"publish","type":"page","link":"https:\/\/viralstudios.es\/init\/formacion\/","title":{"rendered":"{:es}Formaci\u00f3n{:}{:en}Training{:}"},"content":{"rendered":"<p>{:es}[vc_row css=&#8221;.vc_custom_1549839631590{padding-top: 60px !important;padding-bottom: 60px !important;background: #f1f1f1 url(http:\/\/www.viralstudios.es\/wp-content\/uploads\/2018\/01\/3.jpg?id=3188) !important;background-position: center !important;background-repeat: no-repeat !important;background-size: cover !important;}&#8221;][vc_column width=&#8221;1\/6&#8243;][\/vc_column][vc_column width=&#8221;4\/6&#8243; css=&#8221;.vc_custom_1549827712845{border-bottom-width: 50px !important;background-color: rgba(255,255,255,0.85) !important;*background-color: rgb(255,255,255) !important;}&#8221; el_class=&#8221;text-center&#8221;][oi_vc_heading oi_title=&#8221;Cursos de Dise\u00f1o, Desarrollo e Ilustraci\u00f3n de Videojuegos&#8221; oi_title_size=&#8221;h1&#8243; oi_title_color=&#8221;#000000&#8243; oi_sub_title=&#8221;&#8221; oi_sub_title_size=&#8221;h3&#8243; oi_sub_title_color=&#8221;#666666&#8243; oi_align=&#8221;center&#8221;][vc_column_text]<\/p>\n<p style=\"text-align: left;\">En 2015, la industria de los videojuegos movi\u00f3 unos 90.000 millones de d\u00f3lares y, para 2019, se estima que superar\u00e1n los 115.000 millones, seg\u00fan datos de la firma Newzoo. Unas cifras incre\u00edbles que convierten, de hecho, al mercado de los videojuegos en la industria del entretenimiento y el ocio digital m\u00e1s rentable de todo el mundo, por encima de categor\u00edas como el cine, las series o la lectura.<\/p>\n<p style=\"text-align: left;\">Esto hace que la industria de los videojuegos requiera profesionales especializados en todas las facetas relacionadas con la creaci\u00f3n y el desarrollo de videojuegos. Miles de programadores, grafistas, guionistas, dobladores, m\u00fasicos, probadores y dise\u00f1adores conceptuales se dedican a este tipo de software. Todo un ecosistema econ\u00f3mico que, aunque a veces obviado, es extremadamente importante dentro del panorama tecnol\u00f3gico a escala global.<\/p>\n<h4 style=\"text-align: center;\">\u00bfQuieres trabajar en lo que m\u00e1s te gusta? Contacta con nosotros.<\/h4>\n<p>[\/vc_column_text][oi_vc_button oi_target=&#8221;Modal Window&#8221; oi_display=&#8221;inline-block&#8221; oi_title=&#8221;ESCR\u00cdBENOS&#8221; oi_title_size=&#8221;12px&#8221; oi_title_color=&#8221;#ffffff&#8221; oi_title_color_hover=&#8221;#ffffff&#8221; oi_align=&#8221;center&#8221; oi_bg_color=&#8221;#890e4f&#8221; oi_bg_color_hover=&#8221;#890e4f&#8221; modal_id=&#8221;contacts&#8221; oi_border_c=&#8221;#890e4f&#8221; oi_border_c_hover=&#8221;#890e4f&#8221;]<\/p>\n<h2>Rellena el formulario<\/h2>\n<hr \/>\n<p style=\"text-align: center;\">[contact-form-7 id=&#8221;3687&#8243; title=&#8221;Contact form 1&#8243;]<\/p>\n<p>[\/oi_vc_button][\/vc_column][vc_column width=&#8221;1\/6&#8243;][\/vc_column][\/vc_row][vc_row full_width=&#8221;stretch_row&#8221; bg_type=&#8221;image&#8221; parallax_style=&#8221;vcpb-default&#8221; bg_image_new=&#8221;id^4120|url^http:\/\/www.viralstudios.es\/wp-content\/uploads\/2019\/02\/mock-screenshot-intermediate-3d-save.jpg|caption^null|alt^null|title^mock screenshot intermediate 3d save|description^null&#8221; bg_image_repeat=&#8221;no-repeat&#8221; css=&#8221;.vc_custom_1549839657184{margin-bottom: 0px !important;padding-top: 80px !important;padding-bottom: 80px !important;background-color: #f9f9f9 !important;background-position: center !important;background-repeat: no-repeat !important;background-size: contain !important;}&#8221;][vc_column width=&#8221;1\/6&#8243;][\/vc_column][vc_column width=&#8221;2\/3&#8243; el_id=&#8221;some&#8221; css=&#8221;.vc_custom_1549826334399{margin-top: 0px !important;border-top-width: 0px !important;background-color: rgba(255,255,255,0.85) !important;*background-color: rgb(255,255,255) !important;}&#8221;][vc_column_text]<\/p>\n<h3>Objetivos<\/h3>\n<ol>\n<li>Ense\u00f1ar a los alumnos el proceso completo de creaci\u00f3n de un videojuego, desde la concepci\u00f3n de la idea hasta la ejecuci\u00f3n del mismo en forma un aplicativo software.<\/li>\n<li>Dar a conocer a los alumnos el dise\u00f1o del arte en un videojuego, desde el uso del color y la luz hasta composici\u00f3n de animaciones e interactivos.<\/li>\n<li>Ense\u00f1ar a los alumnos el Game Engine Unity, motor m\u00e1s usado por la industria de videojuegos, indie y gratuito. Aprender a usarlo de forma profesional para todos los roles de un videojuego: dise\u00f1ador de mec\u00e1nicas, dise\u00f1ador de arte y desarrollador.<\/li>\n<\/ol>\n<p>Una vez finalizado con \u00e9xito los contenidos del\u00a0curso de creaci\u00f3n de videojuegos Unitiy 3D, podr\u00e1s trabajar en puestos de:<\/p>\n<ul>\n<li>Desarrollador de videojuegos con Unity 3D.<\/li>\n<li>Programaci\u00f3n de IA.<\/li>\n<li>Programaci\u00f3n de Gameplay.<\/li>\n<li>Q&#038;A Control de calidad.<\/li>\n<li>Infoarquitectura.<\/li>\n<\/ul>\n<p>[\/vc_column_text][\/vc_column][vc_column width=&#8221;1\/6&#8243;][\/vc_column][\/vc_row][vc_row full_width=&#8221;stretch_row&#8221; css=&#8221;.vc_custom_1548158751757{margin-bottom: 0px !important;padding-top: 80px !important;padding-bottom: 80px !important;background: #f9f9f9 url(http:\/\/www.viralstudios.es\/wp-content\/uploads\/2019\/01\/formacion2.jpg?id=3689) !important;background-position: center !important;background-repeat: no-repeat !important;background-size: cover !important;}&#8221;][vc_column width=&#8221;1\/6&#8243;][\/vc_column][vc_column width=&#8221;4\/6&#8243; css=&#8221;.vc_custom_1549826298808{background-color: rgba(255,255,255,0.84) !important;*background-color: rgb(255,255,255) !important;}&#8221;][vc_column_text]<\/p>\n<h3>Metodolog\u00eda<\/h3>\n<p>La misi\u00f3n de Viral Gaming Academy es dar una formaci\u00f3n eminentemente pr\u00e1ctica, cercana a la industria y que fomente la creatividad. Todos nuestros profesores est\u00e1n en contacto directo con las nuevas tecnolog\u00edas y han participado en el desarrollo de videojuegos, lo que nos permite poseer un amplio conocimiento de esta apasionante industria.<\/p>\n<p>A lo largo del curso proporcionamos:<\/p>\n<ul>\n<li>V\u00eddeos y materiales.<\/li>\n<li>Ejemplos y plantillas.<\/li>\n<li>M\u00faltiples ejercicios.<\/li>\n<li>Ex\u00e1menes tanto te\u00f3rico como pr\u00e1ctico a trav\u00e9s de nuestra plataforma online.<\/li>\n<li>Certificado de asistencia.<\/li>\n<li>Certificado de aprovechamiento.<\/li>\n<\/ul>\n<p>[\/vc_column_text][\/vc_column][vc_column width=&#8221;1\/6&#8243;][\/vc_column][\/vc_row][vc_row css=&#8221;.vc_custom_1548155563714{background-color: #f1f1f1 !important;}&#8221;][vc_column][oi_vc_heading oi_title=&#8221;PROFESORADO&#8221; oi_title_color=&#8221;#000000&#8243; oi_sub_title=&#8221;&#8221; oi_sub_title_color=&#8221;#666666&#8243; oi_align=&#8221;center&#8221;][vc_row_inner][vc_column_inner width=&#8221;1\/3&#8243;][vc_single_image image=&#8221;3559&#8243; alignment=&#8221;center&#8221;][oi_vc_heading oi_title=&#8221;Carlos Rubiales Bravo&#8221; oi_title_size=&#8221;h4&#8243; oi_title_color=&#8221;#0a0a0a&#8221; oi_sub_title=&#8221;Ingeniero Inform\u00e1tico de Gesti\u00f3n y M\u00e1ster en desarrollo de Videojuegos&#8221; oi_sub_title_style=&#8221;italic&#8221; oi_sub_title_color=&#8221;#666666&#8243; oi_border=&#8221;bottom&#8221; oi_border_c=&#8221;#000000&#8243; icon_type=&#8221;linecons&#8221; oi_icon_w=&#8221;34px&#8221; oi_icon_c=&#8221;#000000&#8243; oi_icon=&#8221;fa-connectdevelop&#8221; icon_linecons=&#8221;vc_li vc_li-display&#8221;][vc_column_text]Aplica todos sus conocimientos como dise\u00f1ador y guionista de videojuegos, adem\u00e1s de programador como CTO de Viral Studios. Ha participado en multitud de desarrollos de videojuegos, como Project Aura. Posee certificado Unity<img loading=\"lazy\" decoding=\"async\" class=\"aligncenter wp-image-3663\" src=\"http:\/\/www.viralstudios.es\/wp-content\/uploads\/2019\/01\/Unity_Technologies_logo.svg_-300x109.png\" alt=\"\" width=\"138\" height=\"50\" srcset=\"https:\/\/viralstudios.es\/wp-content\/uploads\/2019\/01\/Unity_Technologies_logo.svg_-300x109.png 300w, https:\/\/viralstudios.es\/wp-content\/uploads\/2019\/01\/Unity_Technologies_logo.svg_-768x279.png 768w, https:\/\/viralstudios.es\/wp-content\/uploads\/2019\/01\/Unity_Technologies_logo.svg_-1024x372.png 1024w, https:\/\/viralstudios.es\/wp-content\/uploads\/2019\/01\/Unity_Technologies_logo.svg_.png 1200w\" sizes=\"auto, (max-width: 138px) 100vw, 138px\" \/>[\/vc_column_text][\/vc_column_inner][vc_column_inner width=&#8221;1\/3&#8243;][vc_single_image image=&#8221;3560&#8243; alignment=&#8221;center&#8221;][oi_vc_heading oi_title=&#8221;Enrique Mediero S\u00e1nchez&#8221; oi_title_size=&#8221;h4&#8243; oi_title_color=&#8221;#000000&#8243; oi_sub_title=&#8221;Ingeniero inform\u00e1tico&#8221; oi_sub_title_style=&#8221;italic&#8221; oi_sub_title_color=&#8221;#666666&#8243; oi_border=&#8221;bottom&#8221; oi_border_c=&#8221;#000000&#8243; icon_type=&#8221;linecons&#8221; oi_icon_w=&#8221;34px&#8221; oi_icon_c=&#8221;#000000&#8243; oi_icon=&#8221;fa-empire&#8221; icon_linecons=&#8221;vc_li vc_li-display&#8221;][vc_column_text]Ha dedicado su vida profesional a la formaci\u00f3n y la investigaci\u00f3n. Actualmente es el CEO de Viral Studios, donde realiza tareas de programaci\u00f3n y dise\u00f1o de videojuegos, tanto l\u00fadicos como serios, utilizando tecnolog\u00edas disruptivas como la Realidad Virtual. Compagina su actividad con Viral Gaming Center, un Centro de Alto Rendimiento de eSports creado por la empresa.[\/vc_column_text][\/vc_column_inner][vc_column_inner width=&#8221;1\/3&#8243;][vc_single_image image=&#8221;3561&#8243; alignment=&#8221;center&#8221;][oi_vc_heading oi_title=&#8221;Antonio J. D\u00edaz Fern\u00e1ndez&#8221; oi_title_size=&#8221;h4&#8243; oi_title_color=&#8221;#000000&#8243; oi_sub_title=&#8221;Diplomado en Ciencias Empresariales y Econ\u00f3micas y M\u00e1ster en Ilustraci\u00f3n&#8221; oi_sub_title_style=&#8221;italic&#8221; oi_sub_title_color=&#8221;#666666&#8243; oi_border=&#8221;bottom&#8221; oi_border_c=&#8221;#000000&#8243; icon_type=&#8221;linecons&#8221; oi_icon_w=&#8221;34px&#8221; oi_icon_c=&#8221;#000000&#8243; oi_icon=&#8221;fa-empire&#8221; icon_linecons=&#8221;vc_li vc_li-pen&#8221;][vc_column_text]Actualmente es director de Arte en Viral Studios y un referente a nivel nacional debido a la calidad de sus trabajos y trayectoria. Ha trabajado para estudios de Nueva York, Israel, etc. Cabe destacar los 7 proyectos kickstarter que ha ilustrado y que han conseguido financiarse con hasta 145.000$.[\/vc_column_text][\/vc_column_inner][\/vc_row_inner][\/vc_column][\/vc_row][vc_row css=&#8221;.vc_custom_1549839681660{padding-top: 60px !important;padding-bottom: 60px !important;background: #f1f1f1 url(http:\/\/www.viralstudios.es\/wp-content\/uploads\/2018\/01\/Fondo-con-logo-e1519146529687.png?id=3378) !important;background-position: center !important;background-repeat: no-repeat !important;background-size: cover !important;}&#8221;][vc_column width=&#8221;1\/4&#8243;][\/vc_column][vc_column width=&#8221;1\/2&#8243; el_class=&#8221;text-center&#8221;][oi_vc_heading oi_title=&#8221;\u00bfEST\u00c1S INTERESADO?&#8221; oi_title_size=&#8221;h2&#8243; oi_title_color=&#8221;#ffffff&#8221; oi_sub_title=&#8221;+34 685 42 28 40 \/ +34 625 63 30 62 \/ info@viralstudios.es&#8221; oi_sub_title_color=&#8221;#ffffff&#8221; oi_align=&#8221;center&#8221; oi_border=&#8221;bottom&#8221; oi_border_c=&#8221;#000000&#8243; icon_type=&#8221;linecons&#8221; oi_icon_c=&#8221;#ffffff&#8221; icon_linecons=&#8221;vc_li vc_li-paperplane&#8221;][oi_vc_button oi_target=&#8221;Modal Window&#8221; oi_display=&#8221;inline-block&#8221; oi_title=&#8221;ESCR\u00cdBENOS&#8221; oi_title_size=&#8221;12px&#8221; oi_title_color=&#8221;#ffffff&#8221; oi_title_color_hover=&#8221;#ffffff&#8221; oi_bg_color=&#8221;#890e4f&#8221; oi_bg_color_hover=&#8221;#890e4f&#8221; modal_id=&#8221;contacts&#8221; oi_border_c=&#8221;#890e4f&#8221; oi_border_c_hover=&#8221;#890e4f&#8221;]<\/p>\n<h2>Rellena el formulario<\/h2>\n<hr \/>\n<p style=\"text-align: left;\">[contact-form-7 id=&#8221;3687&#8243; title=&#8221;Contact form 1&#8243;]<\/p>\n<p>[\/oi_vc_button][\/vc_column][vc_column width=&#8221;1\/4&#8243;][\/vc_column][\/vc_row]{:}{:en}[vc_row css=&#8221;.vc_custom_1549839631590{padding-top: 60px !important;padding-bottom: 60px !important;background: #f1f1f1 url(http:\/\/www.viralstudios.es\/wp-content\/uploads\/2018\/01\/3.jpg?id=3188) !important;background-position: center !important;background-repeat: no-repeat !important;background-size: cover !important;}&#8221;][vc_column width=&#8221;1\/6&#8243;][\/vc_column][vc_column width=&#8221;4\/6&#8243; css=&#8221;.vc_custom_1549827712845{border-bottom-width: 50px !important;background-color: rgba(255,255,255,0.85) !important;*background-color: rgb(255,255,255) !important;}&#8221; el_class=&#8221;text-center&#8221;][oi_vc_heading oi_title=&#8221;Courses: Art, Design and Develop of Video Games&#8221; oi_title_size=&#8221;h1&#8243; oi_title_color=&#8221;#000000&#8243; oi_sub_title=&#8221;&#8221; oi_sub_title_size=&#8221;h3&#8243; oi_sub_title_color=&#8221;#666666&#8243; oi_align=&#8221;center&#8221;][vc_column_text]<\/p>\n<p style=\"text-align: left;\">In 2015, the video game industry made about 90,000 million dollars and, by 2019, it is estimated that they will exceed 115,000 million, according to data from Newzoo firm. These incredible numbers make, in fact, the video game the most profitable market worldwide in the industry of entertainment and digital entertainment, over movies, series or reading.<\/p>\n<p style=\"text-align: left;\">This makes the video game industry require specialized professionals in all aspects of the creation and development of video games. Thousands of programmers, graphic artists, scriptwriters, dubbers, musicians, testers and conceptual designers are dedicated to this type of software. An entire economic ecosystem that, although sometimes overlooked, is extremely important within the technological landscape on a global scale.<\/p>\n<h4 style=\"text-align: center;\">Do you want to have your dream job? Contact us!<\/h4>\n<p>[\/vc_column_text][oi_vc_button oi_target=&#8221;Modal Window&#8221; oi_display=&#8221;inline-block&#8221; oi_title=&#8221;WRITE US&#8221; oi_title_size=&#8221;12px&#8221; oi_title_color=&#8221;#ffffff&#8221; oi_title_color_hover=&#8221;#ffffff&#8221; oi_align=&#8221;center&#8221; oi_bg_color=&#8221;#890e4f&#8221; oi_bg_color_hover=&#8221;#890e4f&#8221; modal_id=&#8221;contacts&#8221; oi_border_c=&#8221;#890e4f&#8221; oi_border_c_hover=&#8221;#890e4f&#8221;]<\/p>\n<h2>Fill in the form<\/h2>\n<hr \/>\n<p style=\"text-align: center;\">[contact-form-7 id=&#8221;4491&#8243; title=&#8221;Contact form 2&#8243;]<\/p>\n<p>[\/oi_vc_button][\/vc_column][vc_column width=&#8221;1\/6&#8243;][\/vc_column][\/vc_row][vc_row full_width=&#8221;stretch_row&#8221; bg_type=&#8221;image&#8221; parallax_style=&#8221;vcpb-default&#8221; bg_image_new=&#8221;id^4120|url^http:\/\/www.viralstudios.es\/wp-content\/uploads\/2019\/02\/mock-screenshot-intermediate-3d-save.jpg|caption^null|alt^null|title^mock screenshot intermediate 3d save|description^null&#8221; bg_image_repeat=&#8221;no-repeat&#8221; css=&#8221;.vc_custom_1549839657184{margin-bottom: 0px !important;padding-top: 80px !important;padding-bottom: 80px !important;background-color: #f9f9f9 !important;background-position: center !important;background-repeat: no-repeat !important;background-size: contain !important;}&#8221;][vc_column width=&#8221;1\/6&#8243;][\/vc_column][vc_column width=&#8221;2\/3&#8243; el_id=&#8221;some&#8221; css=&#8221;.vc_custom_1549826334399{margin-top: 0px !important;border-top-width: 0px !important;background-color: rgba(255,255,255,0.85) !important;*background-color: rgb(255,255,255) !important;}&#8221;][vc_column_text]<\/p>\n<h3>Objectives<\/h3>\n<ol>\n<li>To teach the students the complete process of creating a video game, from the conception of the idea to its execution in the form of a software application.<\/li>\n<li>Introduce students to the design of art in a videogame, from the use of color and light to composition of animations and interactive elements.<\/li>\n<li>Teach students the Unity Game Engine, the most used engine by the video game industry. It is free and special used by indie studios. Learn how to use it professionally for all the roles of a video game: game designer, art designer and developer. &lt;\/ Li&gt;<\/li>\n<\/ol>\n<p>Once finished and successfully completed, you will be able to work as:<\/p>\n<ul>\n<li>Video game designer and developer with Unity 3D.<\/li>\n<li>AI Programmer.<\/li>\n<li>Gameplay programmer.<\/li>\n<li>Q &amp; A Quality control.<\/li>\n<li>Infoarchitecture.&lt;\/ li&gt;<br \/>\n&lt;\/ ul&gt;[\/vc_column_text][\/vc_column][vc_column width=&#8221;1\/6&#8243;][\/vc_column][\/vc_row][vc_row full_width=&#8221;stretch_row&#8221; css=&#8221;.vc_custom_1548158751757{margin-bottom: 0px !important;padding-top: 80px !important;padding-bottom: 80px !important;background: #f9f9f9 url(http:\/\/www.viralstudios.es\/wp-content\/uploads\/2019\/01\/formacion2.jpg?id=3689) !important;background-position: center !important;background-repeat: no-repeat !important;background-size: cover !important;}&#8221;][vc_column width=&#8221;1\/6&#8243;][\/vc_column][vc_column width=&#8221;4\/6&#8243; css=&#8221;.vc_custom_1549826298808{background-color: rgba(255,255,255,0.84) !important;*background-color: rgb(255,255,255) !important;}&#8221;][vc_column_text]<\/li>\n<\/ul>\n<h3>Methodology<\/h3>\n<p>The mission of Viral Gaming Academy is to provide a mainly practical training, close to an industry that encourages creativity. All our teachers are in direct contact with new technologies and have participated in the development of actual video games, which allows us to have a broad knowledge of this exciting industry.<\/p>\n<p>Throughout the course we provide:<\/p>\n<ul>\n<li>Videos and materials. &lt;\/ li&gt;<\/li>\n<li>Examples and templates. &lt;\/ li&gt;<\/li>\n<li>Multiple exercises. &lt;\/ li&gt;<\/li>\n<li>Both theoretical and practical exams through our online platform. &lt;\/ li&gt;<\/li>\n<li>Certificate of attendance. &lt;\/ li&gt;<\/li>\n<li>Certificate of use. &lt;\/ li&gt;<br \/>\n&lt;\/ ul&gt;[\/vc_column_text][\/vc_column][vc_column width=&#8221;1\/6&#8243;][\/vc_column][\/vc_row][vc_row css=&#8221;.vc_custom_1548155563714{background-color: #f1f1f1 !important;}&#8221;][vc_column][oi_vc_heading oi_title=&#8221;PROFESORADO&#8221; oi_title_color=&#8221;#000000&#8243; oi_sub_title=&#8221;&#8221; oi_sub_title_color=&#8221;#666666&#8243; oi_align=&#8221;center&#8221;][vc_row_inner][vc_column_inner width=&#8221;1\/3&#8243;][vc_single_image image=&#8221;3559&#8243; alignment=&#8221;center&#8221;][oi_vc_heading oi_title=&#8221;Carlos Rubiales Bravo&#8221; oi_title_size=&#8221;h4&#8243; oi_title_color=&#8221;#0a0a0a&#8221; oi_sub_title=&#8221;Technical Computer Science Engineer and Master in Video Game Development&#8221; oi_sub_title_style=&#8221;italic&#8221; oi_sub_title_color=&#8221;#666666&#8243; oi_border=&#8221;bottom&#8221; oi_border_c=&#8221;#000000&#8243; icon_type=&#8221;linecons&#8221; oi_icon_w=&#8221;34px&#8221; oi_icon_c=&#8221;#000000&#8243; oi_icon=&#8221;fa-connectdevelop&#8221; icon_linecons=&#8221;vc_li vc_li-display&#8221;][vc_column_text]Video game designer and developer for more than 6 years, is the CTO and programmer of Viral Studios. Has participated in the design and develop of dozens of games, such as Project Aura. He is a Unity certified developer<\/li>\n<\/ul>\n<p><img loading=\"lazy\" decoding=\"async\" class=\"aligncenter wp-image-3663\" src=\"http:\/\/www.viralstudios.es\/wp-content\/uploads\/2019\/01\/Unity_Technologies_logo.svg_-300x109.png\" alt=\"\" width=\"138\" height=\"50\" srcset=\"https:\/\/viralstudios.es\/wp-content\/uploads\/2019\/01\/Unity_Technologies_logo.svg_-300x109.png 300w, https:\/\/viralstudios.es\/wp-content\/uploads\/2019\/01\/Unity_Technologies_logo.svg_-768x279.png 768w, https:\/\/viralstudios.es\/wp-content\/uploads\/2019\/01\/Unity_Technologies_logo.svg_-1024x372.png 1024w, https:\/\/viralstudios.es\/wp-content\/uploads\/2019\/01\/Unity_Technologies_logo.svg_.png 1200w\" sizes=\"auto, (max-width: 138px) 100vw, 138px\" \/>[\/vc_column_text][\/vc_column_inner][vc_column_inner width=&#8221;1\/3&#8243;][vc_single_image image=&#8221;3560&#8243; alignment=&#8221;center&#8221;][oi_vc_heading oi_title=&#8221;Enrique Mediero S\u00e1nchez&#8221; oi_title_size=&#8221;h4&#8243; oi_title_color=&#8221;#000000&#8243; oi_sub_title=&#8221;Computer Science Engineer&#8221; oi_sub_title_style=&#8221;italic&#8221; oi_sub_title_color=&#8221;#666666&#8243; oi_border=&#8221;bottom&#8221; oi_border_c=&#8221;#000000&#8243; icon_type=&#8221;linecons&#8221; oi_icon_w=&#8221;34px&#8221; oi_icon_c=&#8221;#000000&#8243; oi_icon=&#8221;fa-empire&#8221; icon_linecons=&#8221;vc_li vc_li-display&#8221;][vc_column_text]He has dedicated his professional life to training and research. He is currently the CEO of Viral Studios, where he performs video game programming and design tasks, both commercial and serious games, using disruptive technologies such as Virtual Reality. He combines his activity with Viral Gaming Center, an eSports High Performance Center created by the company.[\/vc_column_text][\/vc_column_inner][vc_column_inner width=&#8221;1\/3&#8243;][vc_single_image image=&#8221;3561&#8243; alignment=&#8221;center&#8221;][oi_vc_heading oi_title=&#8221;Antonio J. D\u00edaz Fern\u00e1ndez&#8221; oi_title_size=&#8221;h4&#8243; oi_title_color=&#8221;#000000&#8243; oi_sub_title=&#8221;Degree in Economics and Business and Master in Illustration&#8221; oi_sub_title_style=&#8221;italic&#8221; oi_sub_title_color=&#8221;#666666&#8243; oi_border=&#8221;bottom&#8221; oi_border_c=&#8221;#000000&#8243; icon_type=&#8221;linecons&#8221; oi_icon_w=&#8221;34px&#8221; oi_icon_c=&#8221;#000000&#8243; oi_icon=&#8221;fa-empire&#8221; icon_linecons=&#8221;vc_li vc_li-pen&#8221;][vc_column_text]He is currently the Art Director at Viral Studios. He is a national reference due to the quality of his work and career. He has worked for studies in New York, Israel, Australia, etc. It is worth mentioning the 7 kickstarter projects that he has illustrated and that have been financed with up to $ 145,000.[\/vc_column_text][\/vc_column_inner][\/vc_row_inner][\/vc_column][\/vc_row][vc_row css=&#8221;.vc_custom_1549839681660{padding-top: 60px !important;padding-bottom: 60px !important;background: #f1f1f1 url(http:\/\/www.viralstudios.es\/wp-content\/uploads\/2018\/01\/Fondo-con-logo-e1519146529687.png?id=3378) !important;background-position: center !important;background-repeat: no-repeat !important;background-size: cover !important;}&#8221;][vc_column width=&#8221;1\/4&#8243;][\/vc_column][vc_column width=&#8221;1\/2&#8243; el_class=&#8221;text-center&#8221;][oi_vc_heading oi_title=&#8221;ARE YOU INTERESTED?&#8221; oi_title_size=&#8221;h2&#8243; oi_title_color=&#8221;#ffffff&#8221; oi_sub_title=&#8221;+34 685 42 28 40 \/ +34 625 63 30 62 \/ info@viralstudios.es&#8221; oi_sub_title_color=&#8221;#ffffff&#8221; oi_align=&#8221;center&#8221; oi_border=&#8221;bottom&#8221; oi_border_c=&#8221;#000000&#8243; icon_type=&#8221;linecons&#8221; oi_icon_c=&#8221;#ffffff&#8221; icon_linecons=&#8221;vc_li vc_li-paperplane&#8221;][oi_vc_button oi_target=&#8221;Modal Window&#8221; oi_display=&#8221;inline-block&#8221; oi_title=&#8221;WRITE US&#8221; oi_title_size=&#8221;12px&#8221; oi_title_color=&#8221;#ffffff&#8221; oi_title_color_hover=&#8221;#ffffff&#8221; oi_bg_color=&#8221;#890e4f&#8221; oi_bg_color_hover=&#8221;#890e4f&#8221; modal_id=&#8221;contacts&#8221; oi_border_c=&#8221;#890e4f&#8221; oi_border_c_hover=&#8221;#890e4f&#8221;]<\/p>\n<h2>Fill in the form<\/h2>\n<hr \/>\n<p style=\"text-align: left;\">[contact-form-7 id=&#8221;4491&#8243; title=&#8221;Contact form 2&#8243;]<\/p>\n<p>[\/oi_vc_button][\/vc_column][vc_column width=&#8221;1\/4&#8243;][\/vc_column][\/vc_row]{:}<\/p>\n","protected":false},"excerpt":{"rendered":"<p>{:es}[vc_row css=&#8221;.vc_custom_1549839631590{padding-top: 60px !important;padding-bottom: 60px !important;background: #f1f1f1 url(http:\/\/www.viralstudios.es\/wp-content\/uploads\/2018\/01\/3.jpg?id=3188) !important;background-position: center !important;background-repeat: no-repeat !important;background-size: cover !important;}&#8221;][vc_column width=&#8221;1\/6&#8243;][\/vc_column][vc_column width=&#8221;4\/6&#8243; css=&#8221;.vc_custom_1549827712845{border-bottom-width: 50px !important;background-color: rgba(255,255,255,0.85) !important;*background-color: rgb(255,255,255) !important;}&#8221; el_class=&#8221;text-center&#8221;][oi_vc_heading oi_title=&#8221;Cursos de Dise\u00f1o, Desarrollo e Ilustraci\u00f3n de Videojuegos&#8221; oi_title_size=&#8221;h1&#8243; oi_title_color=&#8221;#000000&#8243; oi_sub_title=&#8221;&#8221; oi_sub_title_size=&#8221;h3&#8243; oi_sub_title_color=&#8221;#666666&#8243; oi_align=&#8221;center&#8221;][vc_column_text] En 2015, la industria de los videojuegos movi\u00f3 unos 90.000 millones de d\u00f3lares y, para 2019, [&hellip;]<\/p>\n","protected":false},"author":3,"featured_media":0,"parent":0,"menu_order":0,"comment_status":"closed","ping_status":"closed","template":"","meta":{"footnotes":""},"class_list":["post-3646","page","type-page","status-publish","hentry"],"_links":{"self":[{"href":"https:\/\/viralstudios.es\/init\/wp-json\/wp\/v2\/pages\/3646","targetHints":{"allow":["GET"]}}],"collection":[{"href":"https:\/\/viralstudios.es\/init\/wp-json\/wp\/v2\/pages"}],"about":[{"href":"https:\/\/viralstudios.es\/init\/wp-json\/wp\/v2\/types\/page"}],"author":[{"embeddable":true,"href":"https:\/\/viralstudios.es\/init\/wp-json\/wp\/v2\/users\/3"}],"replies":[{"embeddable":true,"href":"https:\/\/viralstudios.es\/init\/wp-json\/wp\/v2\/comments?post=3646"}],"version-history":[{"count":111,"href":"https:\/\/viralstudios.es\/init\/wp-json\/wp\/v2\/pages\/3646\/revisions"}],"predecessor-version":[{"id":4525,"href":"https:\/\/viralstudios.es\/init\/wp-json\/wp\/v2\/pages\/3646\/revisions\/4525"}],"wp:attachment":[{"href":"https:\/\/viralstudios.es\/init\/wp-json\/wp\/v2\/media?parent=3646"}],"curies":[{"name":"wp","href":"https:\/\/api.w.org\/{rel}","templated":true}]}}